{"id":2924,"date":"2023-10-03T20:49:01","date_gmt":"2023-10-03T18:49:01","guid":{"rendered":"https:\/\/sueggelkromis.de\/?page_id=2924"},"modified":"2023-10-29T16:46:38","modified_gmt":"2023-10-29T15:46:38","slug":"interessenten","status":"publish","type":"page","link":"https:\/\/sueggelkromis.de\/?page_id=2924","title":{"rendered":"Interessenten"},"content":{"rendered":"\n<p>Wir legen mit der sorgf\u00e4ltigen Auswahl des passenden Deckpartners, einer m\u00f6glichst entspannten Tr\u00e4chtigkeit und unserer Aufzucht der Welpen den Grundstein f\u00fcr eine gute Sozialisation, damit sich die Hunde zu offenen und wesensfesten Kromfohrl\u00e4ndern entwickeln.<\/p>\n\n\n\n<p>Von unseren zuk\u00fcnftigen Welpen-Besitzern w\u00fcnschen wir uns deshalb, dass sie diesen Grundstein nutzen und ausbauen und ihren Welpen liebevoll, stressfrei und doch mit der notwendigen Konsequenz erziehen und ihn an seinen neuen Alltag gut heranf\u00fchren. Den Besuch einer guten Hundeschule halten wir gerade f\u00fcr einen Kromfohrl\u00e4nder f\u00fcr \u00e4u\u00dferst sinnvoll. Dort lernt der Welpe neben dem sehr wichtigen Grundgehorsam (auch unter Ablenkung anderer Hunde) gleichzeitig Hunde vieler verschiedener Rassen kennen und ihre K\u00f6rpersprache zu lesen. Dies wird ihn darin unterst\u00fctzen, zuk\u00fcnftige Hundebegegnungen entspannt meistern zu k\u00f6nnen.<\/p>\n\n\n\n<p>Wir w\u00fcrden uns sehr dar\u00fcber freuen, wenn wir als Z\u00fcchter am Leben unserer Welpen durch Fotos, Berichte oder Besuche teilhaben d\u00fcrfen. W\u00e4hrend eines Hundelebens entstehen immer wieder Fragen oder vielleicht sogar ein Problem. Wir stehen unseren Welpen-Familien mit Rat und Tat zur Seite und werden immer versuchen zu helfen und L\u00f6sungen zu finden.<\/p>\n\n\n\n<p>Wir m\u00f6chten Sie gerne schon jetzt kennenlernen und alle offenen Fragen zu den Kromfohrl\u00e4ndern im Allgemeinen oder zu unserer Zucht im Speziellen beantworten. <a href=\"https:\/\/sueggelkromis.de\/?page_id=3059\">Kontaktieren<\/a> Sie uns, wenn Sie sich vorstellen k\u00f6nnen, einen &#8222;S\u00fcggelkromi&#8220; bei sich aufzunehmen.<\/p>\n","protected":false},"excerpt":{"rendered":"<p>Wir legen mit der sorgf\u00e4ltigen Auswahl des passenden Deckpartners, einer m\u00f6glichst entspannten Tr\u00e4chtigkeit und unserer Aufzucht der Welpen den Grundstein f\u00fcr eine gute Sozialisation, damit sich die Hunde zu offenen und wesensfesten Kromfohrl\u00e4ndern entwickeln. Von unseren zuk\u00fcnftigen Welpen-Besitzern w\u00fcnschen wir uns deshalb, dass sie diesen Grundstein nutzen und ausbauen und ihren Welpen liebevoll, stressfrei und &hellip; <\/p>\n<p><a class=\"more-link btn\" href=\"https:\/\/sueggelkromis.de\/?page_id=2924\">Weiterlesen<\/a><\/p>\n","protected":false},"author":2,"featured_media":0,"parent":0,"menu_order":2,"comment_status":"closed","ping_status":"closed","template":"","meta":{"_monsterinsights_skip_tracking":false,"_monsterinsights_sitenote_active":false,"_monsterinsights_sitenote_note":"","_monsterinsights_sitenote_category":0,"footnotes":""},"class_list":["post-2924","page","type-page","status-publish","hentry","nodate","item-wrap"],"_links":{"self":[{"href":"https:\/\/sueggelkromis.de\/index.php?rest_route=\/wp\/v2\/pages\/2924","targetHints":{"allow":["GET"]}}],"collection":[{"href":"https:\/\/sueggelkromis.de\/index.php?rest_route=\/wp\/v2\/pages"}],"about":[{"href":"https:\/\/sueggelkromis.de\/index.php?rest_route=\/wp\/v2\/types\/page"}],"author":[{"embeddable":true,"href":"https:\/\/sueggelkromis.de\/index.php?rest_route=\/wp\/v2\/users\/2"}],"replies":[{"embeddable":true,"href":"https:\/\/sueggelkromis.de\/index.php?rest_route=%2Fwp%2Fv2%2Fcomments&post=2924"}],"version-history":[{"count":3,"href":"https:\/\/sueggelkromis.de\/index.php?rest_route=\/wp\/v2\/pages\/2924\/revisions"}],"predecessor-version":[{"id":3079,"href":"https:\/\/sueggelkromis.de\/index.php?rest_route=\/wp\/v2\/pages\/2924\/revisions\/3079"}],"wp:attachment":[{"href":"https:\/\/sueggelkromis.de\/index.php?rest_route=%2Fwp%2Fv2%2Fmedia&parent=2924"}],"curies":[{"name":"wp","href":"https:\/\/api.w.org\/{rel}","templated":true}]}}